{"id":3987,"date":"2023-04-11T10:24:47","date_gmt":"2023-04-11T10:24:47","guid":{"rendered":"https:\/\/criacoesvirginia.pt\/loja\/?post_type=product&#038;p=3987"},"modified":"2023-10-24T08:13:20","modified_gmt":"2023-10-24T08:13:20","slug":"lencol-ajustavel-hotelaria-50-poliester-50-algodao","status":"publish","type":"product","link":"https:\/\/criacoesvirginia.pt\/loja\/produto\/lencol-ajustavel-hotelaria-50-poliester-50-algodao\/","title":{"rendered":"Len\u00e7ol Ajust\u00e1vel Hotelaria"},"content":{"rendered":"<p>Um len\u00e7ol ajust\u00e1vel em qualquer um dos tecidos \u00e0 sua escolha (50% Poli\u00e9ster 50% Algod\u00e3o; 100% Algod\u00e3o 144 fios m2; 100% Algod\u00e3o Percal 200 fios m2 ou Cetim 100% Algod\u00e3o 300 fios m2), fabricado com a garantia da certifica\u00e7\u00e3o OEKO-TEX e com um acabamento suave, conservando ao m\u00e1ximo as propriedades do tecido<em>,<\/em> proporcionando assim uma maior durabilidade, assim como um \u00f3timo conforto para que tenha um descanso saud\u00e1vel e um sono reparador.<\/p>\n<p><em>Est\u00e1 dispon\u00edvel em v\u00e1rias medidas, na cor branco.<\/em><\/p>\n<p><em>O selo de qualidade Oeko-Tex\u00ae garante que os artigos testados e certificados n\u00e3o apresentam subst\u00e2ncias prejudiciais \u00e0 sa\u00fade.<\/em><\/p>\n<p>Fabricado em Portugal.<\/p>\n<p><em>Cria\u00e7\u00f5es Virg\u00ednia\u00ae<\/em><\/p>\n","protected":false},"excerpt":{"rendered":"<h1>Len\u00e7ol Ajust\u00e1vel Hotelaria<\/h1>\n<p>Um len\u00e7ol ajust\u00e1vel em qualquer um dos tecidos \u00e0 sua escolha (50% Poli\u00e9ster 50% Algod\u00e3o; 100% Algod\u00e3o 144 fios m2; 100% Algod\u00e3o Percal 200 fios m2 ou Cetim 100% Algod\u00e3o 300 fios m2), fabricado com a garantia da certifica\u00e7\u00e3o OEKO-TEX e com um acabamento suave, conservando ao m\u00e1ximo as propriedades do tecido<em>,<\/em> proporcionando assim uma maior durabilidade, assim como um \u00f3timo conforto para que tenha um descanso saud\u00e1vel e um sono reparador.<\/p>\n<p><em>Est\u00e1 dispon\u00edvel em v\u00e1rias medidas, na cor branco.<\/em><\/p>\n<blockquote>\n<h2>Tamb\u00e9m dispon\u00edvel em separado <a href=\"https:\/\/criacoesvirginia.pt\/loja\/produto\/lencol-de-cima-hotelaria-50-poliester-50-algodao\/\">Len\u00e7ol de Cima<\/a>, <a href=\"https:\/\/criacoesvirginia.pt\/loja\/produto\/par-de-fronhas-hotelaria\/\">Fronhas de Almofada<\/a>!<\/h2>\n<\/blockquote>\n<p>Fabricado em qualquer uma das qualidades de tecido \u00e0 sua escolha, este produto da nossa marca Cria\u00e7\u00f5es Virg\u00ednia<em>\u00ae<\/em>, combina o melhor da tecnologia com a\u00a0<em>qualidade do tecido!<\/em><\/p>\n<ul>\n<li>Visite-nos no\u00a0<a href=\"https:\/\/www.facebook.com\/CriacoesVirginia\" target=\"_blank\" rel=\"noopener noreferrer\">Facebook\u00a0<\/a>ou\u00a0<a href=\"https:\/\/www.instagram.com\/criacoesvirginia\/\" target=\"_blank\" rel=\"noopener noreferrer\">Instagram<\/a>\u00a0e acompanhe todas as novidades!<\/li>\n<\/ul>\n<p>&nbsp;<\/p>\n<p><em>Produto fabricado em Portugal.<\/em><\/p>\n<p><em>Cria\u00e7\u00f5es Virg\u00ednia\u00ae<\/em><\/p>\n","protected":false},"featured_media":3381,"template":"","meta":{"_monsterinsights_skip_tracking":false,"_monsterinsights_sitenote_active":false,"_monsterinsights_sitenote_note":"","_monsterinsights_sitenote_category":0},"product_brand":[],"product_cat":[219,168],"product_tag":[169],"class_list":{"0":"post-3987","1":"product","2":"type-product","3":"status-publish","4":"has-post-thumbnail","6":"product_cat-hotelaria","7":"product_cat-lencol-de-baixo-ajustavel","8":"product_tag-lencol-ajustavel","10":"first","11":"instock","12":"taxable","13":"shipping-taxable","14":"purchasable","15":"product-type-variable","16":"has-default-attributes"},"_links":{"self":[{"href":"https:\/\/criacoesvirginia.pt\/loja\/wp-json\/wp\/v2\/product\/3987","targetHints":{"allow":["GET"]}}],"collection":[{"href":"https:\/\/criacoesvirginia.pt\/loja\/wp-json\/wp\/v2\/product"}],"about":[{"href":"https:\/\/criacoesvirginia.pt\/loja\/wp-json\/wp\/v2\/types\/product"}],"wp:featuredmedia":[{"embeddable":true,"href":"https:\/\/criacoesvirginia.pt\/loja\/wp-json\/wp\/v2\/media\/3381"}],"wp:attachment":[{"href":"https:\/\/criacoesvirginia.pt\/loja\/wp-json\/wp\/v2\/media?parent=3987"}],"wp:term":[{"taxonomy":"product_brand","embeddable":true,"href":"https:\/\/criacoesvirginia.pt\/loja\/wp-json\/wp\/v2\/product_brand?post=3987"},{"taxonomy":"product_cat","embeddable":true,"href":"https:\/\/criacoesvirginia.pt\/loja\/wp-json\/wp\/v2\/product_cat?post=3987"},{"taxonomy":"product_tag","embeddable":true,"href":"https:\/\/criacoesvirginia.pt\/loja\/wp-json\/wp\/v2\/product_tag?post=3987"}],"curies":[{"name":"wp","href":"https:\/\/api.w.org\/{rel}","templated":true}]}}